+ 4. Calculate the highest common factor of f and 36.
4
Suppose -8 = -4*w + 2*w. Suppose 2*d = w*d + 346. Let u = d - -425. Calculate the greatest common divisor of u and 28.
28
Let m(i) = 2*i**2 + 19*i - 3. Let t be m(-10). Let b be (-3)/(-3) - -165 - -2. Suppose 0 = -c + 5*c - b. Calculate the highest common factor of c and t.
7
Let v(x) = -x**2 - 5*x + 5. Let r be v(-5). Suppose -3*d - 2*d = r*s - 55, 0 = -4*s. What is the highest common divisor of d and 77?
11
Suppose 0 = 3*i + w - 171, 0*w - 3*w + 9 = 0. What is the highest common divisor of i and 16?
8
Suppose 82*d - 830 - 238 = -2. Suppose 417 = 5*g + 4*a + 145, -2*a = -6. Calculate the highest common divisor of d and g.
13
Let l(d) = -2*d**2 - 20*d + 21. Let w be l(-7). What is the highest common factor of w and 35?
7
Suppose -15 = -5*k + 10. Suppose 0 = j - 2*j - 4, k*j - 22 = -3*h. Calculate the greatest common divisor of h and 7.
7
Let q = -320 + 325. Suppose 140 = 3*a + 5*r, 2*a + 18 = -4*r + 112. What is the greatest common divisor of a and q?
5
Suppose -5*d + 10 = 0, -c - 3*c + 2446 = 3*d. Let l = -330 + c. What is the highest common factor of 40 and l?
40
Let w(v) = 12*v. Suppose 0 = -4*n + 3 + 5. Let o be w(n). Calculate the greatest common factor of o and 72.
24
Suppose -4 = 2*z - 12. Let y(p) = p**2 - 2*p - 20. Suppose b = 8 - 2. Let w be y(b). What is the highest common factor of w and z?
4
Suppose 2*z - r - 12 = 0, 5*r + 14 = -6. Let w(i) = i - 1. Let u be w(0). Let y be (24 + -1 - 4) + (u - -2). Calculate the greatest common divisor of y and z.
4
Let r(b) = b**2 + 3*b - 8. Let t be r(4). Let m = t - 15. Suppose -3*n = -3*f + 36, -n = -m + 1. Calculate the greatest common divisor of 80 and f.
16
Let x = 1343 - 1338. What is the greatest common divisor of 140 and x?
5
Suppose -2*m = 4*m - 18. Suppose 0 = 8*w - m*w - 90. Calculate the greatest common divisor of 90 and w.
18
Let d(w) = -w + 8. Let a be d(-6). Let u be 1*35*((3 - 11) + 9). What is the highest common factor of u and a?
7
Suppose -j - 9 = r, 2*r = -j - 0*j - 15. Let l be ((-6)/(-4))/(r/(-4)). Let q be 2/8 - 11/(-4). Calculate the greatest common divisor of l and q.
1
Let i = 25 + -6. Let z(s) = s + 3. Let r be z(1). Suppose -d + 271 = -3*h + 77, 5*d = -r*h + 1065. Calculate the greatest common factor of d and i.
19
Suppose -2*c = -5*c - 4*a + 7, -3*c + 5 = 5*a. Suppose -4*n = -0 - 8, -3*n = -c*q + 19. Calculate the greatest common factor of 5 and q.
5
Let x be (-6)/(-2) + (-1 - 0). Let y be x/(-12)*-4*27. What is the greatest common divisor of y and 198?
18
Let g(v) = 19*v**2 + 4*v - 7. Let w be g(-5). Let a = w - 273. Calculate the greatest common divisor of a and 70.
35
Let f be 10 + -10 - (1 - 5). Suppose 0 = -f*y + 269 - 89. Suppose -2*i + 27 = i. What is the greatest common divisor of i and y?
9
Suppose -3*k + 20 = 3*t - 5*t, 5*t + 29 = 4*k. Let n be 16 + (-4)/(-16) + 11/4. Let l = n + 23. What is the highest common divisor of k and l?
6
Let c = -391 + 229. Let y = -99 - c. Calculate the highest common divisor of y and 42.
21
Let t(l) = l**2 - 5*l + 14. Let d be t(4). Calculate the highest common factor of d and 40.
10
Let i(p) = 8*p + 14*p - 2*p + 2 + 9*p. Let w be i(1). Calculate the highest common factor of w and 279.
31
Let b(o) = o**3 - 31*o**2 - 33*o + 67. Let z be b(32). Calculate the greatest common divisor of z and 7.
7
Let f be 242 + -6*1/3. What is the highest common divisor of f and 15?
15
Let f be (-65)/(-2) - (-2 - (-6)/4). Let z = 4 - 1. Suppose f = 5*x + z. Calculate the greatest common factor of x and 30.
6
Suppose 18 = -4*q + 5*c + 67, 53 = 5*q + 2*c. What is the greatest common divisor of q and 5?
1
Let y(p) = 5*p**2 - 7*p - 3. Let v be y(-3). Suppose 0*u - v = -3*u. What is the highest common divisor of u and 3?
3
Suppose -12*i + 914 - 98 = 0. Let f(m) = m + 24. Let c be f(-7). What is the highest common divisor of c and i?
17
Let z be 1/(-9) + 1092/108. Calculate the highest common divisor of 18 and z.
2
Suppose 3*a + 3*m + 88 = 1687, -2*a - m = -1065. Calculate the greatest common divisor of 70 and a.
14
Let x be 72/2 + 3 + (2 - 1). Calculate the highest common divisor of x and 8.
8
Let i = -231 - -255. Calculate the highest common factor of 96 and i.
24
Let t = 42 + -29. Let v be 455/28*(2 - -2). What is the highest common factor of v and t?
13
Let w = -11 + 14. Suppose 180 = 4*u + w*h, u - 4*h = -0*h + 45. What is the highest common factor of 9 and u?
9
Let o be ((-48)/(-18))/(((-4)/522)/(-1)). Suppose -4*u = -10*u + o. What is the highest common divisor of 87 and u?
29
Let l(z) = -6*z - 8. Let o be (-1 - -3)*6/3. Let a be l(o). Let q be (-3)/((-4)/a*-3). Calculate the highest common divisor of 8 and q.
8
Suppose -3*w = -4*b, -5*b + 5 + 2 = -2*w. What is the greatest common divisor of w and 20?
4
Let s = 300 - 184. What is the greatest common factor of 174 and s?
58
Let t be -4 + 4 - (-5 - 0). Let a be (-1)/t*-5*5. Calculate the greatest common factor of a and 20.
5
Let u = -77 + 155. Let o = u + -65. What is the highest common factor of o and 39?
13
Suppose -d + 214 = 3*m, 2*m - 2*d - 166 = 2*d. Suppose 48 + m = 11*q. What is the greatest common factor of 88 and q?
11
Suppose 313*p = 314*p - 126. What is the greatest common divisor of 18 and p?
18
Let d(l) = -l**3 - 4*l**2 + 2*l + 2. Let o be d(-4). Let b = 4 - o. Calculate the greatest common factor of 70 and b.
10
Let b be 1*((-4)/(-10) + 14/(-10)). Let p be (-90)/(-5) + 1*2*b. Calculate the highest common divisor of p and 80.
16
Suppose 28*m + 35*m = 567. Calculate the greatest common divisor of m and 711.
9
Suppose 0 = 4*z - 3269 - 4291. Calculate the greatest common factor of z and 54.
54
Let g = -432 - -1032. Calculate the highest common factor of 30 and g.
30
Suppose 2414 = 3*m + z, 5*m - 802 = 4*m - z. What is the greatest common divisor of m and 26?
26
Let d(w) = w**2 + 15*w - 8. Let b be d(-16). Suppose -13*v + 10 = -b*v. Suppose -64 = p - 5*p. What is the greatest common divisor of p and v?
2
Let l(c) = -2*c - 30. Let p be l(-14). Let m be 1*(-8)/p*10/8. Calculate the highest common divisor of 65 and m.
5
Suppose 0 = -4*t + 3*d + 3767 - 1412, 0 = 2*d + 2. Calculate the highest common factor of t and 24.
12
Suppose n - 1 - 2 = 0, -2*w - 3*n = -75. Calculate the highest common factor of w and 3.
3
Let d(x) = -x**2 - 14*x - 4. Let z be d(-12). Calculate the highest common divisor of z and 80.
20
Let q be (1 - 1 - 4)*-2 - 4. Suppose -5*p = -4*v - 0*v + 68, -q*p - 16 = 0. Let b be ((-12)/5)/(1/(-5)). What is the highest common divisor of v and b?
12
Let g(x) = -30*x - 9. Let l be g(8). Let n = -172 - l. Calculate the highest common factor of 7 and n.
7
Let x(o) = -3*o + 132. Let c be x(8). What is the greatest common factor of c and 594?
54
Let t = 32 + 64. Calculate the highest common divisor of 84 and t.
12
Suppose 3*j - 4*u + 7*u - 9 = 0, 0 = 3*j + 5*u - 7. What is the highest common divisor of 248 and j?
4
Let p be (-2)/5 + (-144)/(-10). Suppose v - 16 = p. What is the greatest common factor of v and 6?
6
Let n(z) = 2*z**2 - 5*z**2 - 14 + 5*z**2. Let d be n(11). Suppose 4*g = -16, g = 4*i - 0*g - d. What is the highest common factor of i and 14?
14
Suppose -46*f = -33*f - 5304. Calculate the greatest common divisor of 51 and f.
51
Suppose -2*n + 420 = 2*n. Suppose d + 1512 = 9*d. Suppose 0 = 9*f - 0*f - d. Calculate the highest common divisor of f and n.
21
Let g be 100/(-55) - 4/22. Let q be ((-35)/(-2))/(-5)*g. What is the highest common divisor of q and 1?
1
Let z be (322/28 - 16)/((-3)/1396). Calculate the highest common factor of 6 and z.
6
Let l be 4/(-10) + (-2556)/(-90) - 1. Let h be (1572/(-270) + 6/l)*-20. Calculate the highest common divisor of h and 14.
14
Let o be 5*(2 - 20)/(-3). Suppose 9*f + 54 = 27*f. Suppose -i = -j + 3*i - 6, -f*j - 2*i = -24. Calculate the greatest common divisor of j and o.
6
Suppose 0 = j + 486 - 549. Suppose s = -2*b + 12 - 1, 5 = 5*b. Calculate the greatest common factor of s and j.
9
Suppose -13*h = 21 - 60. What is the greatest common factor of 12 and h?
3
Suppose -6*x + 174 = -0*x. Let z = -91 + -30. Let k = 237 + z. Calculate the greatest common divisor of x and k.
29
Suppose a - 54 = -3*l, 0 = -12*a + 8*a - 3*l + 243. What is the greatest common factor of 36 and a?
9
Suppos